. Let y(r) = 8*r - 127. What is the remainder when d(9) is divided by y(18)?
16
Suppose 3*g - 3*o = -6, -2*o - 14 = 3*g - o. Let q be (-10)/3*(-18)/g. What is the remainder when 1*q/(-2 - 1) is divided by 3?
2
Suppose -3*z - 11 = -5*c, 0*c - 4*c + 4 = -4*z. Suppose -c*d + 10 = -6. Suppose 16 = d*k, 92 = 2*j + 5*k - 0*k. Calculate the remainder when 69 is divided by j.
33
Let t(d) = -34*d - 5. Let n be (-7)/(0 + 14)*(1 + 1). What is the remainder when 115 is divided by t(n)?
28
Suppose 3*m - 639 = l + 5, 2*m - l = 428. Calculate the remainder when m is divided by 22.
18
Calculate the remainder when 172 is divided by (2 + 3)/(17/170).
22
Suppose -3*r - 1984 = -5*w, 21*r = -3*w + 23*r + 1190. What is the remainder when w is divided by 10?
8
What is the remainder when 2/(11/(63 + 3)) is divided by 1*(-7)/((-2)/2)?
5
Suppose 2*t + 2*m - 4314 = 0, -9*t + 12*t = m + 6475. Calculate the remainder when t is divided by 36.
34
Let y = 115 - 77. What is the remainder when 151 is divided by y?
37
Suppose 0 = -6*s + 734 - 86. Suppose -2*f = l - s - 28, 3*l = f - 68. What is the remainder when f is divided by 14?
12
Let f = -288 + 367. What is the remainder when f is divided by 20?
19
Let f = 18 + -18. Suppose -26 = -2*m - 2*w, -2*m - 4*w + w + 23 = f. Suppose t = o + 6, 5*o = 4*t + 5 - 30. Calculate the remainder when m is divided by t.
1
Let j(z) = 2*z - 14. Let q = -11 - -25. What is the remainder when 40 is divided by j(q)?
12
Let k(j) = 3*j + j**3 - 1 - 2*j - 2*j**2 - 5*j - j**2. Let s be k(5). Let x = s + -19. Calculate the remainder when 39 is divided by x.
9
Let c = -2 - -2. Suppose 2*g + c*g = r - 12, g = -4*r + 30. Let w = 20 + 10. Calculate the remainder when w is divided by r.
6
Let p = 38 + -26. Suppose 17*i - 15 = p*i. Calculate the remainder when 11 is divided by i.
2
Let m = 1163 + -1037. What is the remainder when m is divided by 68?
58
Suppose 0 = 6*x - 180 + 36. Calculate the remainder when 39 is divided by x.
15
Suppose 2*k = 4*g + 6*k - 884, -k = 5*g - 1105. Let o = 178 - 162. What is the remainder when g is divided by o?
13
Suppose -5*h = 4*u - 62, 5*u - 5*h = 4*u + 3. Calculate the remainder when 90 is divided by u.
12
Suppose 4 = -g + 17. Suppose -3*m + 5*m - 214 = -3*x, -3*x + 226 = -m. Suppose -2*h = 26 - x. Calculate the remainder when h is divided by g.
11
Suppose -7*s = -4*s + 15. Suppose 41 = 4*y + 1. Calculate the remainder when s/(15/(-12)) + 24 is divided by y.
8
Let n = -19 - -32. Suppose -n - 5 = -2*t. Calculate the remainder when t is divided by 6.
3
Suppose 5*v + 3*n - 30 = -10, 0 = -2*v - 2*n + 12. Suppose b - v - 17 = 0. Calculate the remainder when (-2)/2 + 2 + 51 is divided by b.
16
Let t = -390 + 501. Calculate the remainder when t is divided by 9.
3
Let r = 17 + -8. What is the remainder when ((-21)/12)/(5/(-40)) is divided by r?
5
Let w = 75 + -69. Suppose -w*a - 95 = -7*a. What is the remainder when a is divided by 12?
11
Suppose 10*z - 82 = 8*z + 5*b, 2*b + 134 = 3*z. Calculate the remainder when 80 is divided by z.
34
Let y = 19 - 17. Suppose -y*a + 38 + 2 = -3*q, -3*q - 57 = -3*a. Suppose 5*w - 93 = 242. Calculate the remainder when w is divided by a.
16
Let z(u) = 33*u - 863. Suppose -18 = -k - 2*k. Calculate the remainder when z(27) is divided by k.
4
Let m = 1703 - 1518. Calculate the remainder when m is divided by 47.
44
Let m(z) = z + 10. Let f be 2/4 + 21/6. Suppose -f*p + 0 + 32 = 0. What is the remainder when p is divided by m(-7)?
2
Let n = 626 + -567. What is the remainder when n is divided by 20?
19
Let i = 80 - 69. Calculate the remainder when -2*((-2)/1 - 6) is divided by i.
5
Suppose 12 = -2*v - v, v = -l + 53. Calculate the remainder when l is divided by 28.
1
Suppose -2*i - i = -3. Suppose -i = -2*p + 5. Suppose -2*q = -p*q + 18. Calculate the remainder when q is divided by 10.
8
Let q(i) = 7 + 4 - 1 + i - 1. Calculate the remainder when q(-4) is divided by 2.
1
Suppose -145 = -10*k + 215. Suppose 39 = 3*l - k. Calculate the remainder when 123 is divided by l.
23
What is the remainder when 2 + -8 + 5/(30/918) is divided by 15?
12
Suppose 4*d = h + 67, d + 2 = -3*h + 35. What is the remainder when 212 is divided by d?
14
Suppose -4*f + 2 = 2*j, -27 = -2*j + f - 5. What is the remainder when 19 + 6 + (-2 - 1) + 5 is divided by j?
0
Let k(y) = 8*y - 156. What is the remainder when 809 is divided by k(34)?
113
Suppose 4*j + 388 - 15056 = 4*h, -5*j - 3*h + 18351 = 0. What is the remainder when j is divided by 18?
15
Suppose 3*j - 84 = -5*h, -h = 3*j - 8*j. Let y(k) = k**3 - 6*k**2 - 4*k + 8. Let u = -25 - -32. What is the remainder when y(u) is divided by h?
14
Calculate the remainder when 69 is divided by 35/(-4)*(7 - 11).
34
Suppose -2*j + 16 = 3*m - 121, 2*j = -4*m + 184. Calculate the remainder when 1124 is divided by m.
43
Let j = -90 + 92. What is the remainder when 23 is divided by j?
1
Let m(o) = 7*o + 1. Suppose 436*d - 431*d - 65 = 0. Calculate the remainder when m(5) is divided by d.
10
Let r(j) = 42*j**2 - 2*j - 1. Suppose -2*u + 36 = 2*l, 3*l = -l - u + 63. What is the remainder when r(-1) is divided by l?
13
Suppose 30*f - 11205 = -53*f. Let b(s) = -s**2 + 11*s - 5. Calculate the remainder when f is divided by b(7).
20
Let d be (-2)/5 - (-8)/(-5). Let m(f) = -4*f - 1. Let z = -2240 + 2266. Calculate the remainder when z is divided by m(d).
5
Let b = -13 + 4. Let k(q) = -q**2 - 14*q - 14. Suppose 2*u = -4 + 20. What is the remainder when k(b) is divided by u?
7
Suppose 128*j - 138*j = -140. Calculate the remainder when (2/(-5))/(2/(-410)) is divided by j.
12
Let l = 480 + -468. Calculate the remainder when 35 is divided by l.
11
Let k(y) = 3 + 2*y + 0 + 4*y**2 - 6*y. Suppose -19*p + 15*p = -8. Calculate the remainder when 31 is divided by k(p).
9
Suppose 23 + 29 = 2*z. Let q = z + -50. What is the remainder when 118 is divided by 12*q/(-9) + -2?
28
Let o = 464 - 353. Calculate the remainder when o is divided by 39.
33
Let j(k) = -14*k - 39. Calculate the remainder when 166 is divided by j(-4).
13
Let j(p) = 7*p + 40. Let o be j(-5). Suppose n - o*y = -5, -4*n + 19 + 18 = -y. Calculate the remainder when 55 is divided by n.
5
Suppose 4*x - 3*m = 130, -4*x + x + 5*m + 103 = 0. What is the remainder when 136 is divided by x?
12
Let q be 2/(-1 + (-18)/(-21)). Let r be (-1023)/(-77) - (-4)/q. Let o(l) = l**2 - 13*l + 2. Calculate the remainder when 6 is divided by o(r).
0
Calculate the remainder when 1*26*920/80 is divided by 43.
41
Suppose 3*g - 1419 = 2*d - 5*d, 1902 = 4*d + 2*g. What is the remainder when d is divided by 37?
34
Let s(a) = -17*a - 7. Let r be 6/(-21) + (-12)/7. Calculate the remainder when (0 - r) + -2 - -39 is divided by s(-1).
9
Suppose 3*i + a = 256, -2*i + 154 = -2*a + 6*a. Let d = 3224 - 3202. What is the remainder when i is divided by d?
21
Let w = -136 + 171. What is the remainder when 207 is divided by w?
32
Suppose 4*r - 4 = 0, 7*r - 12*r = 3*t - 83. Let i = -5 + 9. Calculate the remainder when t is divided by 7/(-2)*(2 - i).
5
Calculate the remainder when 38 is divided by (140/(-49))/(2/(-7)).
8
Let z = 427 + -402. Calculate the remainder when 749 is divided by z.
24
Suppose j + 7 - 20 = 0. Let b = j - -15. Let i(l) = 82*l**3 - l**2 - l + 1. Calculate the remainder when i(1) is divided by b.
25
Let x be (-12 - -3)/(3/3). Let v be x + (-3 - (-2 + -1)). Calculate the remainder when (-3)/v - (-1315)/15 is divided by 18.
16
Suppose -5*d = -4*d - 22. What is the remainder when (-4)/2*(-1177)/d is divided by 27?
26
Let v be 16/9 - (-2)/9. What is the remainder when v - (-89 - (-2 + 1 + 1)) is divided by 19?
15
Suppose 4*v - 109 = b, -3*v + 0*b = 3*b - 63. Calculate the remainder when 160 is divided by v.
4
Suppose 0 = -5*n - 36 - 54. Let z = 27 + n. Calculate the remainder when 70*((-1)/2)/(-1) is divided by z.
8
Let d be 21 - (2 + -1)/1. Let v be 884/20 - (-1)/(-5) - 0. Let y = v - d. Calculate the remainder when y is divided by 14.
10
Suppose j = -0 + 14. Let q(r) = -r**3 + 22*r**2 - 21*r + 67. Calculate the remainder when q(21) is divided by j.
11
Let y = -103 + 158. Let u = -25 + 13. Calculate the remainder when y is divided by (1 - 3)*-1 - u.
13
Suppose -y - 3 + 18 = 0. Let s = 17 - y. Suppose s*g = 5*g - 39. Calculate the remainder when 50 is divided by g.
11